{"id":772,"date":"2023-08-22T09:44:01","date_gmt":"2023-08-22T09:44:01","guid":{"rendered":"https:\/\/www.nerding.at\/indigo_hyphae\/?page_id=772"},"modified":"2025-04-04T10:51:09","modified_gmt":"2025-04-04T10:51:09","slug":"installation-images","status":"publish","type":"page","link":"https:\/\/www.nerding.at\/indigo_hyphae\/installation-images\/","title":{"rendered":"Installation Images"},"content":{"rendered":"\n<figure class=\"wp-block-image size-large\"><img decoding=\"async\" loading=\"lazy\" width=\"1024\" height=\"472\" src=\"https:\/\/www.nerding.at\/indigo_hyphae\/indigo\/wp-content\/uploads\/20230622_141912-1024x472.jpg\" alt=\"\" class=\"wp-image-773\" srcset=\"https:\/\/www.nerding.at\/indigo_hyphae\/indigo\/wp-content\/uploads\/20230622_141912-1024x472.jpg 1024w, https:\/\/www.nerding.at\/indigo_hyphae\/indigo\/wp-content\/uploads\/20230622_141912-300x138.jpg 300w, https:\/\/www.nerding.at\/indigo_hyphae\/indigo\/wp-content\/uploads\/20230622_141912-768x354.jpg 768w, https:\/\/www.nerding.at\/indigo_hyphae\/indigo\/wp-content\/uploads\/20230622_141912-1536x709.jpg 1536w, https:\/\/www.nerding.at\/indigo_hyphae\/indigo\/wp-content\/uploads\/20230622_141912-2048x945.jpg 2048w\" sizes=\"(max-width: 1024px) 100vw, 1024px\" \/><\/figure>\n\n\n\n<div style=\"height:10px\" aria-hidden=\"true\" class=\"wp-block-spacer\"><\/div>\n\n\n\n<figure class=\"wp-block-gallery has-nested-images columns-2 is-cropped wp-block-gallery-1 is-layout-flex\">\n<figure class=\"wp-block-image size-large\"><img decoding=\"async\" loading=\"lazy\" width=\"1024\" height=\"768\" data-id=\"774\"  src=\"https:\/\/www.nerding.at\/indigo_hyphae\/indigo\/wp-content\/uploads\/IMG_0472-1024x768.jpg\" alt=\"\" class=\"wp-image-774\" srcset=\"https:\/\/www.nerding.at\/indigo_hyphae\/indigo\/wp-content\/uploads\/IMG_0472-1024x768.jpg 1024w, https:\/\/www.nerding.at\/indigo_hyphae\/indigo\/wp-content\/uploads\/IMG_0472-300x225.jpg 300w, https:\/\/www.nerding.at\/indigo_hyphae\/indigo\/wp-content\/uploads\/IMG_0472-768x576.jpg 768w, https:\/\/www.nerding.at\/indigo_hyphae\/indigo\/wp-content\/uploads\/IMG_0472-1536x1152.jpg 1536w, https:\/\/www.nerding.at\/indigo_hyphae\/indigo\/wp-content\/uploads\/IMG_0472-2048x1536.jpg 2048w\" sizes=\"(max-width: 1024px) 100vw, 1024px\" \/><\/figure>\n\n\n\n<figure class=\"wp-block-image size-large\"><img decoding=\"async\" loading=\"lazy\" width=\"1024\" height=\"768\" data-id=\"775\"  src=\"https:\/\/www.nerding.at\/indigo_hyphae\/indigo\/wp-content\/uploads\/IMG_0474-1024x768.jpg\" alt=\"\" class=\"wp-image-775\" srcset=\"https:\/\/www.nerding.at\/indigo_hyphae\/indigo\/wp-content\/uploads\/IMG_0474-1024x768.jpg 1024w, https:\/\/www.nerding.at\/indigo_hyphae\/indigo\/wp-content\/uploads\/IMG_0474-300x225.jpg 300w, https:\/\/www.nerding.at\/indigo_hyphae\/indigo\/wp-content\/uploads\/IMG_0474-768x576.jpg 768w, https:\/\/www.nerding.at\/indigo_hyphae\/indigo\/wp-content\/uploads\/IMG_0474-1536x1152.jpg 1536w, https:\/\/www.nerding.at\/indigo_hyphae\/indigo\/wp-content\/uploads\/IMG_0474-2048x1536.jpg 2048w\" sizes=\"(max-width: 1024px) 100vw, 1024px\" \/><\/figure>\n\n\n\n<figure class=\"wp-block-image size-large\"><img decoding=\"async\" loading=\"lazy\" width=\"1024\" height=\"768\" data-id=\"777\"  src=\"https:\/\/www.nerding.at\/indigo_hyphae\/indigo\/wp-content\/uploads\/IMG_0484-1024x768.jpg\" alt=\"\" class=\"wp-image-777\" srcset=\"https:\/\/www.nerding.at\/indigo_hyphae\/indigo\/wp-content\/uploads\/IMG_0484-1024x768.jpg 1024w, https:\/\/www.nerding.at\/indigo_hyphae\/indigo\/wp-content\/uploads\/IMG_0484-300x225.jpg 300w, https:\/\/www.nerding.at\/indigo_hyphae\/indigo\/wp-content\/uploads\/IMG_0484-768x576.jpg 768w, https:\/\/www.nerding.at\/indigo_hyphae\/indigo\/wp-content\/uploads\/IMG_0484-1536x1152.jpg 1536w, https:\/\/www.nerding.at\/indigo_hyphae\/indigo\/wp-content\/uploads\/IMG_0484-2048x1536.jpg 2048w\" sizes=\"(max-width: 1024px) 100vw, 1024px\" \/><\/figure>\n\n\n\n<figure class=\"wp-block-image size-large\"><img decoding=\"async\" loading=\"lazy\" width=\"1024\" height=\"768\" data-id=\"776\"  src=\"https:\/\/www.nerding.at\/indigo_hyphae\/indigo\/wp-content\/uploads\/IMG_0485-1024x768.jpg\" alt=\"\" class=\"wp-image-776\" srcset=\"https:\/\/www.nerding.at\/indigo_hyphae\/indigo\/wp-content\/uploads\/IMG_0485-1024x768.jpg 1024w, https:\/\/www.nerding.at\/indigo_hyphae\/indigo\/wp-content\/uploads\/IMG_0485-300x225.jpg 300w, https:\/\/www.nerding.at\/indigo_hyphae\/indigo\/wp-content\/uploads\/IMG_0485-768x576.jpg 768w, https:\/\/www.nerding.at\/indigo_hyphae\/indigo\/wp-content\/uploads\/IMG_0485-1536x1152.jpg 1536w, https:\/\/www.nerding.at\/indigo_hyphae\/indigo\/wp-content\/uploads\/IMG_0485-2048x1536.jpg 2048w\" sizes=\"(max-width: 1024px) 100vw, 1024px\" \/><\/figure>\n<\/figure>\n\n\n\n<p>Installation at the Horn\u00ed Dvo\u0159i\u0161t\u011b station<\/p>\n\n\n\n<figure class=\"wp-block-image size-large\"><img decoding=\"async\" loading=\"lazy\" width=\"1024\" height=\"768\" src=\"https:\/\/www.nerding.at\/indigo_hyphae\/indigo\/wp-content\/uploads\/IMG_0443-1024x768.jpg\" alt=\"\" class=\"wp-image-784\" srcset=\"https:\/\/www.nerding.at\/indigo_hyphae\/indigo\/wp-content\/uploads\/IMG_0443-1024x768.jpg 1024w, https:\/\/www.nerding.at\/indigo_hyphae\/indigo\/wp-content\/uploads\/IMG_0443-300x225.jpg 300w, https:\/\/www.nerding.at\/indigo_hyphae\/indigo\/wp-content\/uploads\/IMG_0443-768x576.jpg 768w, https:\/\/www.nerding.at\/indigo_hyphae\/indigo\/wp-content\/uploads\/IMG_0443-1536x1152.jpg 1536w, https:\/\/www.nerding.at\/indigo_hyphae\/indigo\/wp-content\/uploads\/IMG_0443-2048x1536.jpg 2048w\" sizes=\"(max-width: 1024px) 100vw, 1024px\" \/><\/figure>\n\n\n\n<div style=\"height:10px\" aria-hidden=\"true\" class=\"wp-block-spacer\"><\/div>\n\n\n\n<figure class=\"wp-block-gallery has-nested-images columns-default is-cropped wp-block-gallery-3 is-layout-flex\">\n<figure class=\"wp-block-image size-large\"><img decoding=\"async\" loading=\"lazy\" width=\"1024\" height=\"768\" data-id=\"786\"  src=\"https:\/\/www.nerding.at\/indigo_hyphae\/indigo\/wp-content\/uploads\/IMG_0441-1024x768.jpg\" alt=\"\" class=\"wp-image-786\" srcset=\"https:\/\/www.nerding.at\/indigo_hyphae\/indigo\/wp-content\/uploads\/IMG_0441-1024x768.jpg 1024w, https:\/\/www.nerding.at\/indigo_hyphae\/indigo\/wp-content\/uploads\/IMG_0441-300x225.jpg 300w, https:\/\/www.nerding.at\/indigo_hyphae\/indigo\/wp-content\/uploads\/IMG_0441-768x576.jpg 768w, https:\/\/www.nerding.at\/indigo_hyphae\/indigo\/wp-content\/uploads\/IMG_0441-1536x1152.jpg 1536w, https:\/\/www.nerding.at\/indigo_hyphae\/indigo\/wp-content\/uploads\/IMG_0441-2048x1536.jpg 2048w\" sizes=\"(max-width: 1024px) 100vw, 1024px\" \/><\/figure>\n\n\n\n<figure class=\"wp-block-image size-large\"><img decoding=\"async\" loading=\"lazy\" width=\"1024\" height=\"768\" data-id=\"785\"  src=\"https:\/\/www.nerding.at\/indigo_hyphae\/indigo\/wp-content\/uploads\/IMG_0431-1024x768.jpg\" alt=\"\" class=\"wp-image-785\" srcset=\"https:\/\/www.nerding.at\/indigo_hyphae\/indigo\/wp-content\/uploads\/IMG_0431-1024x768.jpg 1024w, https:\/\/www.nerding.at\/indigo_hyphae\/indigo\/wp-content\/uploads\/IMG_0431-300x225.jpg 300w, https:\/\/www.nerding.at\/indigo_hyphae\/indigo\/wp-content\/uploads\/IMG_0431-768x576.jpg 768w, https:\/\/www.nerding.at\/indigo_hyphae\/indigo\/wp-content\/uploads\/IMG_0431-1536x1152.jpg 1536w, https:\/\/www.nerding.at\/indigo_hyphae\/indigo\/wp-content\/uploads\/IMG_0431-2048x1536.jpg 2048w\" sizes=\"(max-width: 1024px) 100vw, 1024px\" \/><\/figure>\n<\/figure>\n\n\n\n<div style=\"height:11px\" aria-hidden=\"true\" class=\"wp-block-spacer\"><\/div>\n\n\n\n<figure class=\"wp-block-image size-large\"><img decoding=\"async\" loading=\"lazy\" width=\"1024\" height=\"472\" src=\"https:\/\/www.nerding.at\/indigo_hyphae\/indigo\/wp-content\/uploads\/20230622_114956-1024x472.jpg\" alt=\"\" class=\"wp-image-787\" srcset=\"https:\/\/www.nerding.at\/indigo_hyphae\/indigo\/wp-content\/uploads\/20230622_114956-1024x472.jpg 1024w, https:\/\/www.nerding.at\/indigo_hyphae\/indigo\/wp-content\/uploads\/20230622_114956-300x138.jpg 300w, https:\/\/www.nerding.at\/indigo_hyphae\/indigo\/wp-content\/uploads\/20230622_114956-768x354.jpg 768w, https:\/\/www.nerding.at\/indigo_hyphae\/indigo\/wp-content\/uploads\/20230622_114956-1536x709.jpg 1536w, https:\/\/www.nerding.at\/indigo_hyphae\/indigo\/wp-content\/uploads\/20230622_114956-2048x945.jpg 2048w\" sizes=\"(max-width: 1024px) 100vw, 1024px\" \/><\/figure>\n\n\n\n<p>Installation at the Kefermarkt station<\/p>\n\n\n\n<figure class=\"wp-block-image size-large\"><img decoding=\"async\" loading=\"lazy\" width=\"1024\" height=\"472\" src=\"https:\/\/www.nerding.at\/indigo_hyphae\/indigo\/wp-content\/uploads\/20230622_173906-1024x472.jpg\" alt=\"\" class=\"wp-image-789\" srcset=\"https:\/\/www.nerding.at\/indigo_hyphae\/indigo\/wp-content\/uploads\/20230622_173906-1024x472.jpg 1024w, https:\/\/www.nerding.at\/indigo_hyphae\/indigo\/wp-content\/uploads\/20230622_173906-300x138.jpg 300w, https:\/\/www.nerding.at\/indigo_hyphae\/indigo\/wp-content\/uploads\/20230622_173906-768x354.jpg 768w, https:\/\/www.nerding.at\/indigo_hyphae\/indigo\/wp-content\/uploads\/20230622_173906-1536x709.jpg 1536w, https:\/\/www.nerding.at\/indigo_hyphae\/indigo\/wp-content\/uploads\/20230622_173906-2048x945.jpg 2048w\" sizes=\"(max-width: 1024px) 100vw, 1024px\" \/><\/figure>\n\n\n\n<div style=\"height:11px\" aria-hidden=\"true\" class=\"wp-block-spacer\"><\/div>\n\n\n\n<figure class=\"wp-block-gallery has-nested-images columns-default is-cropped wp-block-gallery-5 is-layout-flex\">\n<figure class=\"wp-block-image size-large\"><img decoding=\"async\" loading=\"lazy\" width=\"1024\" height=\"768\" data-id=\"791\"  src=\"https:\/\/www.nerding.at\/indigo_hyphae\/indigo\/wp-content\/uploads\/IMG_0524-1024x768.jpg\" alt=\"\" class=\"wp-image-791\" srcset=\"https:\/\/www.nerding.at\/indigo_hyphae\/indigo\/wp-content\/uploads\/IMG_0524-1024x768.jpg 1024w, https:\/\/www.nerding.at\/indigo_hyphae\/indigo\/wp-content\/uploads\/IMG_0524-300x225.jpg 300w, https:\/\/www.nerding.at\/indigo_hyphae\/indigo\/wp-content\/uploads\/IMG_0524-768x576.jpg 768w, https:\/\/www.nerding.at\/indigo_hyphae\/indigo\/wp-content\/uploads\/IMG_0524-1536x1152.jpg 1536w, https:\/\/www.nerding.at\/indigo_hyphae\/indigo\/wp-content\/uploads\/IMG_0524-2048x1536.jpg 2048w\" sizes=\"(max-width: 1024px) 100vw, 1024px\" \/><\/figure>\n\n\n\n<figure class=\"wp-block-image\"><img decoding=\"async\" src=\"https:\/\/www.nerding.at\/indigo_hyphae\/indigo\/wp-content\/uploads\/IMG_0515-1024x768.jpg\" alt=\"This image has an empty alt attribute; its file name is IMG_0515-1024x768.jpg\"\/><\/figure>\n<\/figure>\n\n\n\n<p>Installation at the Gaisbach-Wartberg station<\/p>\n","protected":false},"excerpt":{"rendered":"<p>Installation at the Horn\u00ed Dvo\u0159i\u0161t\u011b station Installation at the Kefermarkt station Installation at the Gaisbach-Wartberg station<\/p>\n","protected":false},"author":1,"featured_media":0,"parent":0,"menu_order":0,"comment_status":"closed","ping_status":"closed","template":"","meta":{"neve_meta_sidebar":"default","neve_meta_container":"","neve_meta_enable_content_width":"off","neve_meta_content_width":100,"neve_meta_title_alignment":"","neve_meta_author_avatar":"","neve_post_elements_order":"","neve_meta_disable_header":"","neve_meta_disable_footer":"","neve_meta_disable_title":""},"_links":{"self":[{"href":"https:\/\/www.nerding.at\/indigo_hyphae\/wp-json\/wp\/v2\/pages\/772"}],"collection":[{"href":"https:\/\/www.nerding.at\/indigo_hyphae\/wp-json\/wp\/v2\/pages"}],"about":[{"href":"https:\/\/www.nerding.at\/indigo_hyphae\/wp-json\/wp\/v2\/types\/page"}],"author":[{"embeddable":true,"href":"https:\/\/www.nerding.at\/indigo_hyphae\/wp-json\/wp\/v2\/users\/1"}],"replies":[{"embeddable":true,"href":"https:\/\/www.nerding.at\/indigo_hyphae\/wp-json\/wp\/v2\/comments?post=772"}],"version-history":[{"count":7,"href":"https:\/\/www.nerding.at\/indigo_hyphae\/wp-json\/wp\/v2\/pages\/772\/revisions"}],"predecessor-version":[{"id":798,"href":"https:\/\/www.nerding.at\/indigo_hyphae\/wp-json\/wp\/v2\/pages\/772\/revisions\/798"}],"wp:attachment":[{"href":"https:\/\/www.nerding.at\/indigo_hyphae\/wp-json\/wp\/v2\/media?parent=772"}],"curies":[{"name":"wp","href":"https:\/\/api.w.org\/{rel}","templated":true}]}}