{"id":382,"date":"2023-06-18T20:30:20","date_gmt":"2023-06-18T20:30:20","guid":{"rendered":"https:\/\/www.nerding.at\/indigo_hyphae\/?page_id=382"},"modified":"2025-04-04T10:50:50","modified_gmt":"2025-04-04T10:50:50","slug":"about","status":"publish","type":"page","link":"https:\/\/www.nerding.at\/indigo_hyphae\/","title":{"rendered":"Introduction"},"content":{"rendered":"\n<link href=\"\/indigo_hyphae\/indigo\/wp-content\/indigo.css\" rel=\"stylesheet\">\n<link href=\"\/indigo_hyphae\/indigo\/wp-content\/pagemax.css\" rel=\"stylesheet\">\n<div class=\"flexauto\">\n\n\n\n<figure class=\"wp-block-image size-large\"><img decoding=\"async\" loading=\"lazy\" width=\"2560\" height=\"1440\" src=\"https:\/\/www.nerding.at\/indigo_hyphae\/indigo\/wp-content\/uploads\/fabric-edited-scaled.jpg\" alt=\"disabled\" class=\"wp-image-635\" srcset=\"https:\/\/www.nerding.at\/indigo_hyphae\/indigo\/wp-content\/uploads\/fabric-edited-scaled.jpg 2560w, https:\/\/www.nerding.at\/indigo_hyphae\/indigo\/wp-content\/uploads\/fabric-edited-300x169.jpg 300w, https:\/\/www.nerding.at\/indigo_hyphae\/indigo\/wp-content\/uploads\/fabric-edited-1024x576.jpg 1024w, https:\/\/www.nerding.at\/indigo_hyphae\/indigo\/wp-content\/uploads\/fabric-edited-768x432.jpg 768w, https:\/\/www.nerding.at\/indigo_hyphae\/indigo\/wp-content\/uploads\/fabric-edited-1536x864.jpg 1536w, https:\/\/www.nerding.at\/indigo_hyphae\/indigo\/wp-content\/uploads\/fabric-edited-2048x1152.jpg 2048w\" sizes=\"(max-width: 2560px) 100vw, 2560px\" \/><\/figure>\n\n\n\n<div style=\"height:23px\" aria-hidden=\"true\" class=\"wp-block-spacer\"><\/div>\n\n\n\n<p><em><strong>Indigo Hyphae<\/strong> is a participatory art project. 250 Indigo dyed textile pieces were hang at four stations along the Summerauerbahn train line in Upper Austria during the <a rel=\"noreferrer noopener\" href=\"https:\/\/fdr.at\/\" target=\"_blank\">Festival der Regionen<\/a> 2023, June 23- July 2.<\/em><\/p>\n\n\n\n<div style=\"height:12px\" aria-hidden=\"true\" class=\"wp-block-spacer\"><\/div>\n\n\n\n<div class=\"wp-block-buttons is-layout-flex\">\n<div class=\"wp-block-button is-style-primary\"><a class=\"wp-block-button__link wp-element-button\" href=\"https:\/\/www.nerding.at\/indigo_hyphae\/how-to-take-indigo-hyphae\/\">How to take<br>indigo hyphae<\/a><\/div>\n\n\n\n<div class=\"wp-block-button is-style-primary\"><a class=\"wp-block-button__link wp-element-button\" href=\"https:\/\/www.nerding.at\/indigo_hyphae\/map\/\">Indigo Hyphae<br>Map<\/a><\/div>\n<\/div>\n\n\n\n<div style=\"height:12px\" aria-hidden=\"true\" class=\"wp-block-spacer\"><\/div>\n\n\n\n<p>Culture is never static. It breathes, grows and adapts with the people living at the time. Today, we live in a time where we have access to various \u201cmaking techniques\u201d originating in different locations and societies. Some show unique ways of doing things that you never thought of, some solve a problem you have been tackling for years.&nbsp;<\/p>\n\n\n\n<p>Inspired by Zeugf\u00e4rberei, an experimental textile workshop in Gutau, where people practice the&nbsp; \u201cDo-It-Yourself\u201d culture-jam approach with indigo dye techniques, the project develops a remix between Japanese Katazome, Austrian Blaudruck and CNC techniques.<\/p>\n\n\n\n<p>Hundreds of indigo fabric pieces hung at stations along the Summerauerbahn. They are printed all differently exhibiting their uniqueness. Visitors are encouraged to take one home. Like mushrooms migrating through the valleys slowly, these indigo fabrics move through the region. It may be re-made and re-used, or it simply sits at home as a memory of the festival visit.<\/p>\n\n\n\n<figure class=\"wp-block-embed is-type-video is-provider-vimeo wp-block-embed-vimeo wp-embed-aspect-16-9 wp-has-aspect-ratio\"><div class=\"wp-block-embed__wrapper\">\n<div class=\"nv-iframe-embed\"><iframe loading=\"lazy\" title=\"Indigo Hyphae\" src=\"https:\/\/player.vimeo.com\/video\/841166909?dnt=1&amp;app_id=122963\" width=\"1200\" height=\"675\" frameborder=\"0\" allow=\"autoplay; fullscreen; picture-in-picture\" allowfullscreen><\/iframe><\/div>\n<\/div><\/figure>\n\n\n\n<p><em>Wenn Menschen umherziehen, wandert auch das Wissen \u00fcber die Herstellung von Dingen. Kultur ist nicht statisch, sondern eine lebendige Praxis. Heute haben wir Zugang zu zahlreichen Techniken, deren Urspr\u00fcnge an entfernten Orten und in unterschiedlichen Gesellschaften liegen. Sie zeugen von einzigartigen Herangehensweisen, l\u00f6sen langj\u00e4hrige Probleme und passen das sogenannte Traditionelle den aktuellen Bed\u00fcrfnissen an.<\/em><\/p>\n\n\n\n<p><em>Die Zeugf\u00e4rberei Gutau ist eine experimentelle Textilwerkstatt, die mit der Technik des Indigof\u00e4rbens arbeitet. Davon inspiriert entwickelt das Projekt<br>Indigo Hyphae einen Remix aus japanischem Katazome, \u00f6sterreichischem Blaudruck und CNC-Maschinentechnik. Hunderte Stoffe werden gef\u00e4rbt, mit verschiedenen Motiven versehen und an Bahnh\u00f6fen entlang der Summerauerbahn aufgeh\u00e4ngt, als w\u00fcrden sie darauf warten, zu reisen. Die K\u00fcnstlerin l\u00e4dt Passant*innen dazu ein, eines dieser Unikate mitzunehmen, um es zu verwenden, weiterzuverarbeiten oder als Erinnerung aufzubewahren.<\/em><\/p>\n\n\n\n<hr class=\"wp-block-separator has-alpha-channel-opacity\"\/>\n\n\n<nav class=\"wp-block-navigation is-horizontal is-layout-flex\" aria-label=\"makingOf\"><ul class=\"wp-block-navigation__container\"><li class=\" wp-block-navigation-item wp-block-navigation-link\"><a class=\"wp-block-navigation-item__content\"  href=\"https:\/\/www.nerding.at\/indigo_hyphae\/category\/open-source\/\"><span class=\"wp-block-navigation-item__label\">OPEN SOURCE<\/span><\/a><\/li><li class=\" wp-block-navigation-item wp-block-navigation-link\"><a class=\"wp-block-navigation-item__content\"  href=\"https:\/\/www.nerding.at\/indigo_hyphae\/category\/process\/\"><span class=\"wp-block-navigation-item__label\">PROCESS<\/span><\/a><\/li><li class=\" wp-block-navigation-item wp-block-navigation-link\"><a class=\"wp-block-navigation-item__content\"  href=\"https:\/\/www.nerding.at\/indigo_hyphae\/category\/thoughts\/\"><span class=\"wp-block-navigation-item__label\">THOUGHTS<\/span><\/a><\/li><li class=\" wp-block-navigation-item wp-block-navigation-link\"><a class=\"wp-block-navigation-item__content\"  href=\"https:\/\/www.nerding.at\/indigo_hyphae\/about\/\"><span class=\"wp-block-navigation-item__label\">ABOUT<\/span><\/a><\/li><\/ul><\/nav>\n\n\n<\/div>\n","protected":false},"excerpt":{"rendered":"<p>Indigo Hyphae is a participatory art project. 250 Indigo dyed textile pieces were hang at four stations along the Summerauerbahn train line in Upper Austria during the Festival der Regionen 2023, June 23- July 2. Culture is never static. It breathes, grows and adapts with the people living at the time. Today, we live in&hellip;&nbsp;<a href=\"https:\/\/www.nerding.at\/indigo_hyphae\/\" class=\"\" rel=\"bookmark\">Read More &raquo;<span class=\"screen-reader-text\">Introduction<\/span><\/a><\/p>\n","protected":false},"author":2,"featured_media":0,"parent":0,"menu_order":0,"comment_status":"closed","ping_status":"closed","template":"","meta":{"neve_meta_sidebar":"default","neve_meta_container":"","neve_meta_enable_content_width":"off","neve_meta_content_width":100,"neve_meta_title_alignment":"","neve_meta_author_avatar":"","neve_post_elements_order":"","neve_meta_disable_header":"","neve_meta_disable_footer":"","neve_meta_disable_title":""},"_links":{"self":[{"href":"https:\/\/www.nerding.at\/indigo_hyphae\/wp-json\/wp\/v2\/pages\/382"}],"collection":[{"href":"https:\/\/www.nerding.at\/indigo_hyphae\/wp-json\/wp\/v2\/pages"}],"about":[{"href":"https:\/\/www.nerding.at\/indigo_hyphae\/wp-json\/wp\/v2\/types\/page"}],"author":[{"embeddable":true,"href":"https:\/\/www.nerding.at\/indigo_hyphae\/wp-json\/wp\/v2\/users\/2"}],"replies":[{"embeddable":true,"href":"https:\/\/www.nerding.at\/indigo_hyphae\/wp-json\/wp\/v2\/comments?post=382"}],"version-history":[{"count":22,"href":"https:\/\/www.nerding.at\/indigo_hyphae\/wp-json\/wp\/v2\/pages\/382\/revisions"}],"predecessor-version":[{"id":710,"href":"https:\/\/www.nerding.at\/indigo_hyphae\/wp-json\/wp\/v2\/pages\/382\/revisions\/710"}],"wp:attachment":[{"href":"https:\/\/www.nerding.at\/indigo_hyphae\/wp-json\/wp\/v2\/media?parent=382"}],"curies":[{"name":"wp","href":"https:\/\/api.w.org\/{rel}","templated":true}]}}